4012 - 269?
3b87
In base 3, what is -2 - 201202221?
-201210000
In base 10, what is 1898767 - 3?
1898764
In base 9, what is 1633758 + 4?
1633763
In base 7, what is 12 - 25052?
-25040
In base 7, what is 2450615 + -2?
2450613
In base 9, what is 2 + -7044?
-7042
In base 16, what is -18 - 51d?
-535
In base 5, what is -112 + -23014?
-23131
In base 9, what is 7 + -240234?
-240226
In base 15, what is 95b7 - 11?
95a6
In base 15, what is -b - e791?
-e79c
In base 7, what is 210400 - -2?
210402
In base 5, what is 110312 + -1?
110311
In base 6, what is 112 + -20051?
-15535
In base 13, what is -6c8 + 2a51?
2356
In base 6, what is -2454 + 13325?
10431
In base 14, what is 446 + 3b?
483
In base 6, what is 11525 - 411?
11114
In base 9, what is 1265 - -171?
1446
In base 10, what is 1129 - -110?
1239
In base 11, what is 6451 - -120?
6571
In base 15, what is 1a59a - 4?
1a596
In base 3, what is 111202011 + 0?
111202011
In base 3, what is -1121010 - 21010221?
-22202001
In base 11, what is 5 + -54706?
-54701
In base 9, what is -655 + -1068?
-1734
In base 9, what is 6 + 622716?
622723
In base 6, what is 11224140 - -5?
11224145
In base 9, what is -5 + -56014?
-56020
In base 14, what is -17aa2 + -2?
-17aa4
In base 16, what is 6ce - 2e7?
3e7
In base 4, what is -132323033 + -102?
-132323201
In base 3, what is -11000120021 + -1?
-11000120022
In base 9, what is 30870 + 33?
31013
In base 12, what is 3b + -518?
-499
In base 11, what is -8aa6 - 0?
-8aa6
In base 10, what is -16219 + 1?
-16218
In base 5, what is 3 - 310140?
-310132
In base 5, what is -110020 - 4?
-110024
In base 4, what is 10 - -200231122?
200231132
In base 2, what is -100 + 1010011101011?
1010011100111
In base 15, what is 154 - 1c3?
-6e
In base 15, what is 5 + -1387e6?
-1387e1
In base 3, what is 222210010222 + -1?
222210010221
In base 2, what is -1100 + 1001001100011111110?
1001001100011110010
In base 7, what is -56660 + -3?
-56663
In base 15, what is -32b6eb + 5?
-32b6e6
In base 16, what is -fc - -1e7?
eb
In base 7, what is 163351 + 25?
163406
In base 11, what is 16 + 651?
667
In base 3, what is 22 - -2220010000?
2220010022
In base 15, what is 4 + -453eb?
-453e7
In base 6, what is -20102 - -2234?
-13424
In base 7, what is 22003 + 110?
22113
In base 6, what is 243153 + 0?
243153
In base 12, what is 4 + 279934?
279938
In base 16, what is -5 + -493d?
-4942
In base 11, what is -6 - -3037?
3031
In base 12, what is -107 - 6b?
-176
In base 3, what is 22002022 - -12?
22002111
In base 16, what is -1 - -10ba?
10b9
In base 15, what is 3 + 2c79?
2c7c
In base 5, what is 13013 + 1442?
20010
In base 7, what is 125 - -255?
413
In base 3, what is 1020 - 10020201?
-10012111
In base 14, what is 9 - -5448?
5453
In base 14, what is -4 + 1c2dc?
1c2d8
In base 16, what is 7bbd3 + -4?
7bbcf
In base 2, what is -111101 - 111000?
-1110101
In base 5, what is 1 + 3020404?
3020410
In base 16, what is 5e + -4de6?
-4d88
In base 12, what is 17 - 429?
-412
In base 14, what is -ab - -1a4?
d7
In base 5, what is -22320230 + -20?
-22320300
In base 9, what is -1680 - -102?
-1577
In base 6, what is 1323021 + -4?
1323013
In base 13, what is -a + -2532?
-253c
In base 6, what is 4 - -252554?
253002
In base 10, what is 0 - -1866?
1866
In base 10, what is -170 + 672?
502
In base 15, what is 93 + -2b4?
-221
In base 8, what is 20 - 25326?
-25306
In base 10, what is -9 + 7589?
7580
In base 12, what is 57a - 358?
222
In base 13, what is 7 - 8a7c?
-8a75
In base 3, what is 0 - 122021101?
-122021101
In base 5, what is -34240 + 232?
-34003
In base 6, what is -3542 + -4114?
-12100
In base 16, what is 0 - -300a1?
300a1
In base 8, what is 2 - 1021076?
-1021074
In base 16, what is -247 - 4?
-24b
In base 16, what is -1 + 930?
92f
In base 9, what is 13811 + 1?
13812
In base 2, what is 1101001100010001 + 101?
1101001100010110
In base 10, what is -495 - -308?
-187
In base 5, what is -10434410 + 10?
-10434400
In base 15, what is 3015 + 4?
3019
In base 9, what is 128 + 6?
135
In base 16, what is f33 + 235?
1168
In base 12, what is 1b619 + -1?
1b618
In base 2, what is 100010100 + -1010111?
10111101
In base 16, what is 2 - 50b0?
-50ae
In base 3, what is -2111 + -20222?
-100110
In base 7, what is -41 - -12045?
12004
In base 5, what is -2111102 - -2?
-2111100
In base 7, what is -615043 - -4?
-615036
In base 4, what is -1203 + -1213013?
-1220222
In base 5, what is 1243013 - -3?
1243021
In base 7, what is 1 - -335125?
335126
In base 13, what is -2 - -34020?
3401b
In base 12, what is 178 - -164a?
1806
In base 14, what is -168b7 - 8?
-168c1
In base 11, what is -303844 - -3?
-303841
In base 5, what is 1214214 - 22?
1214142
In base 2, what is -110100 - 10001001000?
-10001111100
In base 6, what is -1 - 3020303?
-3020304
In base 14, what is -9d0 + 58?
-976
In base 13, what is -2 + 1bb2?
1bb0
In base 7, what is 2 + 10431?
10433
In base 6, what is 11143 + -1041?
10102
In base 6, what is 201 + 55100?
55301
In base 2, what is 11101010 + 100011000101?
100110101111
In base 4, what is 122322 - -330?
123312
In base 12, what is 4 - -14849?
14851
In base 12, what is -36a85 + -3?
-36a88
In base 5, what is 2334224 - -143?
2334422
In base 14, what is 1b + -c7d0?
-c7b3
In base 7, what is 112036 - -1?
112040
In base 8, what is -40 - 3360?
-3420
In base 3, what is 100202222 - -212?
100210211
In base 15, what is -3924c - -10?
-3923c
In base 5, what is 3100032 + 0?
3100032
In base 16, what is 1 - -21c9?
21ca
In base 10, what is 498 + -5?
493
In base 15, what is 4782a - 5?
47825
In base 8, what is 473 - -5465?
6160
In base 5, what is -11020240 + -3?
-11020243
In base 15, what is 4 + -271176?
-271172
In base 7, what is 12 - 10510?
-10465
In base 4, what is -1002 - 2223233?
-2230301
In base 4, what is 213 - 12111?
-11232
In base 12, what is 1b2 + -182b?
-1639
In base 11, what is -a081 - 3?
-a084
In base 11, what is 184 + -974?
-7a0
In base 9, what is -185 - -136?
-48
In base 16, what is -1b - 4e7?
-502
In base 10, what is -316 - -53?
-263
In base 11, what is 0 + -576686?
-576686
In base 6, what is 1045120 + -30?
1045050
In base 15, what is -1d56a - 0?
-1d56a
In base 5, what is -4 - 123312024?
-123312033
In base 10, what is -4 + -13165?
-13169
In base 12, what is 15b + 19943?
19aa2
In base 9, what is 340 + 5?
345
In base 10, what is 399252 - 6?
399246
In base 13, what is -3 + 200a4?
200a1
In base 12, what is 1a82 - -105?
1b87
In base 6, what is -4 + 4045523?
4045515
In base 14, what is 4 - 51a64?
-51a60
In base 7, what is -211634 - -33?
-211601
In base 3, what is -22121 - -12202?
-2212
In base 14, what is 529 + -1142?
-a17
In base 16, what is a079 - 1?
a078
In base 8, what is -512 - -174?
-316
In base 5, what is 3 - 11040243?
-11040240
In base 6, what is 2332 - 22123?
-15351
In base 15, what is -69 + 63a9?
6340
In base 5, what is -31 + -340213?
-340244
In base 10, what is 953 - -510?
1463
In base 6, what is -30111 + -103?
-30214
In base 5, what is 100303 - -101?
100404
In base 14, what is 21 - -18c78?
18c99
In base 13, what is -1 + 18cc?
18cb
In base 13, what is 4 + 2043?
2047
In base 9, what is 681610 - 3?
681606
In base 9, what is 5 + -124573?
-124567
In base 10, what is -4964 - 314?
-5278
In base 14, what is a + -3b?
-31
In base 12, what is -3341 - -4?
-3339
In base 8, what is -67737 + 0?
-67737
In base 5, what is -14041130 - -24?
-14041101
In base 2, what is -111110 - 1100000100011?
-1100001100001
In base 14, what is 5 + 3056?
305b
In base 2, what is 100 + -1001000010?
-1000111110
In base 15, what is 2 - 352d3?
-352d1
In base 16, what is 5c9a - -1a?
5cb4
In base 10, what is -3755 + 64?
-3691
In base 4, what is -101132101 - 0?
-101132101
In base 10, what is 8 - 93?
-85
In base 16, what is 573f - 3?
573c
In base 10, what is -20 + 4516?
4496
In base 5, what is 1100 + 2330?
3430
In base 12, what is 4 + 22341b?
223423
In base 14, what is 85b6b - 7?
85b64
In base 15, what is 88c - 14?
878
In base 2, what is -1111 + 1000011110111?
1000011101000
In base 13, what is -b + 26bb?
26b0
In base 3, what is 21101020111 - -2?
21101020120
In base 13, what is -124616 + 1?
-124615
In base 3, what is -10 - 110002100021?
-110002100101
In base 12, what is -a521 - -39?
-a4a4
In base 6, what is -1 - -4024334?
4024333
In base 5, what is 12 + 13220?
13232
In base 6, what is 31435 - -344?
32223
In base 11, what is -a - -1463